{"id":37,"date":"2022-08-19T20:25:53","date_gmt":"2022-08-19T19:25:53","guid":{"rendered":"https:\/\/clemenceroy.com\/?page_id=37"},"modified":"2025-10-29T18:55:02","modified_gmt":"2025-10-29T17:55:02","slug":"passe","status":"publish","type":"page","link":"https:\/\/clemenceroy.com\/index.php\/passe\/","title":{"rendered":"Les momifi\u00e9s"},"content":{"rendered":"\t\t<div data-elementor-type=\"wp-page\" data-elementor-id=\"37\" class=\"elementor elementor-37\">\n\t\t\t\t\t\t<section class=\"elementor-section elementor-top-section elementor-element elementor-element-baed6ba elementor-section-boxed elementor-section-height-default elementor-section-height-default\" data-id=\"baed6ba\" data-element_type=\"section\">\n\t\t\t\t\t\t<div class=\"elementor-container elementor-column-gap-default\">\n\t\t\t\t\t<div class=\"elementor-column elementor-col-100 elementor-top-column elementor-element elementor-element-76feccb\" data-id=\"76feccb\" data-element_type=\"column\">\n\t\t\t<div class=\"elementor-widget-wrap elementor-element-populated\">\n\t\t\t\t\t\t<section class=\"elementor-section elementor-inner-section elementor-element elementor-element-40e4327 elementor-section-boxed elementor-section-height-default elementor-section-height-default\" data-id=\"40e4327\" data-element_type=\"section\">\n\t\t\t\t\t\t<div class=\"elementor-container elementor-column-gap-default\">\n\t\t\t\t\t<section class=\"elementor-column elementor-col-100 elementor-inner-column elementor-element elementor-element-f8aa6aa\" data-id=\"f8aa6aa\" data-element_type=\"column\">\n\t\t\t<div class=\"elementor-widget-wrap elementor-element-populated\">\n\t\t\t\t\t\t<div class=\"elementor-element elementor-element-6127165 elementor-widget elementor-widget-heading\" data-id=\"6127165\" data-element_type=\"widget\" data-widget_type=\"heading.default\">\n\t\t\t\t<div class=\"elementor-widget-container\">\n\t\t\t<style>\/*! elementor - v3.21.0 - 20-05-2024 *\/\n.elementor-heading-title{padding:0;margin:0;line-height:1}.elementor-widget-heading .elementor-heading-title[class*=elementor-size-]>a{color:inherit;font-size:inherit;line-height:inherit}.elementor-widget-heading .elementor-heading-title.elementor-size-small{font-size:15px}.elementor-widget-heading .elementor-heading-title.elementor-size-medium{font-size:19px}.elementor-widget-heading .elementor-heading-title.elementor-size-large{font-size:29px}.elementor-widget-heading .elementor-heading-title.elementor-size-xl{font-size:39px}.elementor-widget-heading .elementor-heading-title.elementor-size-xxl{font-size:59px}<\/style><h2 class=\"elementor-heading-title elementor-size-default\">Spectacles anciens<\/h2>\t\t<\/div>\n\t\t\t\t<\/div>\n\t\t\t\t<div class=\"elementor-element elementor-element-1f1e140 elementor-widget elementor-widget-text-editor\" data-id=\"1f1e140\" data-element_type=\"widget\" data-widget_type=\"text-editor.default\">\n\t\t\t\t<div class=\"elementor-widget-container\">\n\t\t\t<style>\/*! elementor - v3.21.0 - 20-05-2024 *\/\n.elementor-widget-text-editor.elementor-drop-cap-view-stacked .elementor-drop-cap{background-color:#69727d;color:#fff}.elementor-widget-text-editor.elementor-drop-cap-view-framed .elementor-drop-cap{color:#69727d;border:3px solid;background-color:transparent}.elementor-widget-text-editor:not(.elementor-drop-cap-view-default) .elementor-drop-cap{margin-top:8px}.elementor-widget-text-editor:not(.elementor-drop-cap-view-default) .elementor-drop-cap-letter{width:1em;height:1em}.elementor-widget-text-editor .elementor-drop-cap{float:left;text-align:center;line-height:1;font-size:50px}.elementor-widget-text-editor .elementor-drop-cap-letter{display:inline-block}<\/style>\t\t\t\t<p>Eh oui, m\u00eame les spectacles prennent leur retraite ! Pour se reposer, parce que quand on a \u00e9t\u00e9 beaucoup jou\u00e9, on est fatigu\u00e9, pour y repenser avec de la joie et de la nostalgie, et pour laisser la place aux nouveaux !<\/p><p>Cliquez sur les photos ou affiches de spectacles pour consulter les dossiers. Vous retrouverez aussi quelques photos dans la page galerie.<\/p>\t\t\t\t\t\t<\/div>\n\t\t\t\t<\/div>\n\t\t\t\t\t<\/div>\n\t\t<\/section>\n\t\t\t\t\t<\/div>\n\t\t<\/section>\n\t\t\t\t\t<\/div>\n\t\t<\/div>\n\t\t\t\t\t<\/div>\n\t\t<\/section>\n\t\t\t\t<section class=\"elementor-section elementor-top-section elementor-element elementor-element-029ec4d elementor-section-boxed elementor-section-height-default elementor-section-height-default\" data-id=\"029ec4d\" data-element_type=\"section\">\n\t\t\t\t\t\t<div class=\"elementor-container elementor-column-gap-default\">\n\t\t\t\t\t<div class=\"elementor-column elementor-col-100 elementor-top-column elementor-element elementor-element-650c318\" data-id=\"650c318\" data-element_type=\"column\">\n\t\t\t<div class=\"elementor-widget-wrap elementor-element-populated\">\n\t\t\t\t\t\t<section class=\"elementor-section elementor-inner-section elementor-element elementor-element-6a02c2c elementor-section-boxed elementor-section-height-default elementor-section-height-default\" data-id=\"6a02c2c\" data-element_type=\"section\">\n\t\t\t\t\t\t<div class=\"elementor-container elementor-column-gap-default\">\n\t\t\t\t\t<section class=\"elementor-column elementor-col-33 elementor-inner-column elementor-element elementor-element-e592c9d\" data-id=\"e592c9d\" data-element_type=\"column\">\n\t\t\t<div class=\"elementor-widget-wrap elementor-element-populated\">\n\t\t\t\t\t\t<div class=\"elementor-element elementor-element-052dc4d elementor-widget elementor-widget-heading\" data-id=\"052dc4d\" data-element_type=\"widget\" data-widget_type=\"heading.default\">\n\t\t\t\t<div class=\"elementor-widget-container\">\n\t\t\t<h3 class=\"elementor-heading-title elementor-size-default\">Br\u00e8ves d'\u00e9cran (2010)<\/h3>\t\t<\/div>\n\t\t\t\t<\/div>\n\t\t\t\t<div class=\"elementor-element elementor-element-1bcc3f8 elementor-widget elementor-widget-image\" data-id=\"1bcc3f8\" data-element_type=\"widget\" data-widget_type=\"image.default\">\n\t\t\t\t<div class=\"elementor-widget-container\">\n\t\t\t<style>\/*! elementor - v3.21.0 - 20-05-2024 *\/\n.elementor-widget-image{text-align:center}.elementor-widget-image a{display:inline-block}.elementor-widget-image a img[src$=\".svg\"]{width:48px}.elementor-widget-image img{vertical-align:middle;display:inline-block}<\/style>\t\t\t\t\t\t\t\t\t\t\t<a href=\"https:\/\/www.aht.li\/3730323\/Breves_decran_-_Cie_Ordinaire.pdf\" target=\"_blank\">\n\t\t\t\t\t\t\t<img fetchpriority=\"high\" decoding=\"async\" width=\"319\" height=\"346\" src=\"https:\/\/clemenceroy.com\/wp-content\/uploads\/2022\/08\/Breves-decran-Cie-ordinaire.webp\" class=\"attachment-large size-large wp-image-512\" alt=\"affiche de spectacle dessin d&#039;un personnage plongeant dans une piscine de mots, d&#039;extraits de textes\" srcset=\"https:\/\/clemenceroy.com\/wp-content\/uploads\/2022\/08\/Breves-decran-Cie-ordinaire.webp 319w, https:\/\/clemenceroy.com\/wp-content\/uploads\/2022\/08\/Breves-decran-Cie-ordinaire-277x300.webp 277w\" sizes=\"(max-width: 319px) 100vw, 319px\" \/>\t\t\t\t\t\t\t\t<\/a>\n\t\t\t\t\t\t\t\t\t\t\t\t\t<\/div>\n\t\t\t\t<\/div>\n\t\t\t\t\t<\/div>\n\t\t<\/section>\n\t\t\t\t<section class=\"elementor-column elementor-col-33 elementor-inner-column elementor-element elementor-element-acdba41\" data-id=\"acdba41\" data-element_type=\"column\">\n\t\t\t<div class=\"elementor-widget-wrap elementor-element-populated\">\n\t\t\t\t\t\t<div class=\"elementor-element elementor-element-0a1f65d elementor-widget elementor-widget-heading\" data-id=\"0a1f65d\" data-element_type=\"widget\" data-widget_type=\"heading.default\">\n\t\t\t\t<div class=\"elementor-widget-container\">\n\t\t\t<h3 class=\"elementor-heading-title elementor-size-default\">L'incroyable Joe Gould (2010-2012)<\/h3>\t\t<\/div>\n\t\t\t\t<\/div>\n\t\t\t\t<div class=\"elementor-element elementor-element-d307b8e elementor-widget elementor-widget-image\" data-id=\"d307b8e\" data-element_type=\"widget\" data-widget_type=\"image.default\">\n\t\t\t\t<div class=\"elementor-widget-container\">\n\t\t\t\t\t\t\t\t\t\t\t\t\t\t<a href=\"https:\/\/www.aht.li\/3730324\/Le_secret_de_Joe_Gould_-_dossier.pdf\" target=\"_blank\">\n\t\t\t\t\t\t\t<img decoding=\"async\" width=\"337\" height=\"477\" src=\"https:\/\/clemenceroy.com\/wp-content\/uploads\/2022\/08\/Le-secret-de-Joe-Gould.webp\" class=\"attachment-large size-large wp-image-516\" alt=\"affiche de spectacle en noir et blanc gros plan sur une veste d&#039;homme se tient toute droite comme si elle \u00e9tait sur un homme invisible\" srcset=\"https:\/\/clemenceroy.com\/wp-content\/uploads\/2022\/08\/Le-secret-de-Joe-Gould.webp 337w, https:\/\/clemenceroy.com\/wp-content\/uploads\/2022\/08\/Le-secret-de-Joe-Gould-212x300.webp 212w\" sizes=\"(max-width: 337px) 100vw, 337px\" \/>\t\t\t\t\t\t\t\t<\/a>\n\t\t\t\t\t\t\t\t\t\t\t\t\t<\/div>\n\t\t\t\t<\/div>\n\t\t\t\t\t<\/div>\n\t\t<\/section>\n\t\t\t\t<section class=\"elementor-column elementor-col-33 elementor-inner-column elementor-element elementor-element-cac83ed\" data-id=\"cac83ed\" data-element_type=\"column\">\n\t\t\t<div class=\"elementor-widget-wrap elementor-element-populated\">\n\t\t\t\t\t\t<div class=\"elementor-element elementor-element-e7314fe elementor-widget elementor-widget-heading\" data-id=\"e7314fe\" data-element_type=\"widget\" data-widget_type=\"heading.default\">\n\t\t\t\t<div class=\"elementor-widget-container\">\n\t\t\t<h3 class=\"elementor-heading-title elementor-size-default\">Barbe Bleue (2012-2018)<\/h3>\t\t<\/div>\n\t\t\t\t<\/div>\n\t\t\t\t<div class=\"elementor-element elementor-element-e3bedfb elementor-widget elementor-widget-image\" data-id=\"e3bedfb\" data-element_type=\"widget\" data-widget_type=\"image.default\">\n\t\t\t\t<div class=\"elementor-widget-container\">\n\t\t\t\t\t\t\t\t\t\t\t\t\t\t<a href=\"https:\/\/www.aht.li\/3730321\/Barbe_Bleue_dossier_ble_en_herbe_2018.pdf\" target=\"_blank\">\n\t\t\t\t\t\t\t<img decoding=\"async\" width=\"591\" height=\"821\" src=\"https:\/\/clemenceroy.com\/wp-content\/uploads\/2022\/08\/affiche-Barbe-Bleue.webp\" class=\"attachment-large size-large wp-image-508\" alt=\"affiche de spectacle dessin d&#039;une petite fille en robe blanche qui tend la main vers le personnage de Barbe Bleue d\u00e9mesur\u00e9ment grand\" srcset=\"https:\/\/clemenceroy.com\/wp-content\/uploads\/2022\/08\/affiche-Barbe-Bleue.webp 591w, https:\/\/clemenceroy.com\/wp-content\/uploads\/2022\/08\/affiche-Barbe-Bleue-216x300.webp 216w\" sizes=\"(max-width: 591px) 100vw, 591px\" \/>\t\t\t\t\t\t\t\t<\/a>\n\t\t\t\t\t\t\t\t\t\t\t\t\t<\/div>\n\t\t\t\t<\/div>\n\t\t\t\t\t<\/div>\n\t\t<\/section>\n\t\t\t\t\t<\/div>\n\t\t<\/section>\n\t\t\t\t\t<\/div>\n\t\t<\/div>\n\t\t\t\t\t<\/div>\n\t\t<\/section>\n\t\t\t\t<section class=\"elementor-section elementor-top-section elementor-element elementor-element-e89da8b elementor-section-boxed elementor-section-height-default elementor-section-height-default\" data-id=\"e89da8b\" data-element_type=\"section\">\n\t\t\t\t\t\t<div class=\"elementor-container elementor-column-gap-default\">\n\t\t\t\t\t<div class=\"elementor-column elementor-col-100 elementor-top-column elementor-element elementor-element-766d749\" data-id=\"766d749\" data-element_type=\"column\">\n\t\t\t<div class=\"elementor-widget-wrap elementor-element-populated\">\n\t\t\t\t\t\t<section class=\"elementor-section elementor-inner-section elementor-element elementor-element-700cdf0 elementor-section-boxed elementor-section-height-default elementor-section-height-default\" data-id=\"700cdf0\" data-element_type=\"section\">\n\t\t\t\t\t\t<div class=\"elementor-container elementor-column-gap-default\">\n\t\t\t\t\t<section class=\"elementor-column elementor-col-33 elementor-inner-column elementor-element elementor-element-78eb672\" data-id=\"78eb672\" data-element_type=\"column\">\n\t\t\t<div class=\"elementor-widget-wrap elementor-element-populated\">\n\t\t\t\t\t\t<div class=\"elementor-element elementor-element-6c0fbeb elementor-widget elementor-widget-heading\" data-id=\"6c0fbeb\" data-element_type=\"widget\" data-widget_type=\"heading.default\">\n\t\t\t\t<div class=\"elementor-widget-container\">\n\t\t\t<h3 class=\"elementor-heading-title elementor-size-default\">Galope mop, galope ! (2014-2018)<\/h3>\t\t<\/div>\n\t\t\t\t<\/div>\n\t\t\t\t<div class=\"elementor-element elementor-element-c8e56e5 elementor-widget elementor-widget-image\" data-id=\"c8e56e5\" data-element_type=\"widget\" data-widget_type=\"image.default\">\n\t\t\t\t<div class=\"elementor-widget-container\">\n\t\t\t\t\t\t\t\t\t\t\t\t\t\t<a href=\"https:\/\/www.aht.li\/3297883\/Galope_Mop_galope__2018.pdf\" target=\"_blank\">\n\t\t\t\t\t\t\t<img loading=\"lazy\" decoding=\"async\" width=\"768\" height=\"512\" src=\"https:\/\/clemenceroy.com\/wp-content\/uploads\/2022\/08\/Pieds-nus-Galope-mop-galope-.webp\" class=\"attachment-large size-large wp-image-520\" alt=\"deux com\u00e9diennes jouent leur spectacle devant une caravane rouge \u00e0 pois blancs devant un public\" srcset=\"https:\/\/clemenceroy.com\/wp-content\/uploads\/2022\/08\/Pieds-nus-Galope-mop-galope-.webp 768w, https:\/\/clemenceroy.com\/wp-content\/uploads\/2022\/08\/Pieds-nus-Galope-mop-galope--300x200.webp 300w\" sizes=\"(max-width: 768px) 100vw, 768px\" \/>\t\t\t\t\t\t\t\t<\/a>\n\t\t\t\t\t\t\t\t\t\t\t\t\t<\/div>\n\t\t\t\t<\/div>\n\t\t\t\t\t<\/div>\n\t\t<\/section>\n\t\t\t\t<section class=\"elementor-column elementor-col-33 elementor-inner-column elementor-element elementor-element-6d3ff65\" data-id=\"6d3ff65\" data-element_type=\"column\">\n\t\t\t<div class=\"elementor-widget-wrap elementor-element-populated\">\n\t\t\t\t\t\t<div class=\"elementor-element elementor-element-8520935 elementor-widget elementor-widget-heading\" data-id=\"8520935\" data-element_type=\"widget\" data-widget_type=\"heading.default\">\n\t\t\t\t<div class=\"elementor-widget-container\">\n\t\t\t<h3 class=\"elementor-heading-title elementor-size-default\">Paroles crois\u00e9es (2014-2018)<\/h3>\t\t<\/div>\n\t\t\t\t<\/div>\n\t\t\t\t<div class=\"elementor-element elementor-element-5b704e3 elementor-widget elementor-widget-image\" data-id=\"5b704e3\" data-element_type=\"widget\" data-widget_type=\"image.default\">\n\t\t\t\t<div class=\"elementor-widget-container\">\n\t\t\t\t\t\t\t\t\t\t\t\t\t\t<a href=\"https:\/\/www.aht.li\/3297885\/Contes_en_caravane_2018.pdf\" target=\"_blank\">\n\t\t\t\t\t\t\t<img loading=\"lazy\" decoding=\"async\" width=\"686\" height=\"515\" src=\"https:\/\/clemenceroy.com\/wp-content\/uploads\/2022\/08\/Pieds-nus-Paroles-croisees.webp\" class=\"attachment-large size-large wp-image-525\" alt=\"\" srcset=\"https:\/\/clemenceroy.com\/wp-content\/uploads\/2022\/08\/Pieds-nus-Paroles-croisees.webp 686w, https:\/\/clemenceroy.com\/wp-content\/uploads\/2022\/08\/Pieds-nus-Paroles-croisees-300x225.webp 300w\" sizes=\"(max-width: 686px) 100vw, 686px\" \/>\t\t\t\t\t\t\t\t<\/a>\n\t\t\t\t\t\t\t\t\t\t\t\t\t<\/div>\n\t\t\t\t<\/div>\n\t\t\t\t\t<\/div>\n\t\t<\/section>\n\t\t\t\t<section class=\"elementor-column elementor-col-33 elementor-inner-column elementor-element elementor-element-a7f95f3\" data-id=\"a7f95f3\" data-element_type=\"column\">\n\t\t\t<div class=\"elementor-widget-wrap elementor-element-populated\">\n\t\t\t\t\t\t<div class=\"elementor-element elementor-element-16fafea elementor-widget elementor-widget-heading\" data-id=\"16fafea\" data-element_type=\"widget\" data-widget_type=\"heading.default\">\n\t\t\t\t<div class=\"elementor-widget-container\">\n\t\t\t<h3 class=\"elementor-heading-title elementor-size-default\">Au petit bonheur la chance (2016-2018)<\/h3>\t\t<\/div>\n\t\t\t\t<\/div>\n\t\t\t\t<div class=\"elementor-element elementor-element-429eba8 elementor-widget elementor-widget-image\" data-id=\"429eba8\" data-element_type=\"widget\" data-widget_type=\"image.default\">\n\t\t\t\t<div class=\"elementor-widget-container\">\n\t\t\t\t\t\t\t\t\t\t\t\t\t\t<a href=\"https:\/\/www.aht.li\/3169088\/Au_petit_bonheur_la_chance_2018.pdf\" target=\"_blank\">\n\t\t\t\t\t\t\t<img loading=\"lazy\" decoding=\"async\" width=\"800\" height=\"600\" src=\"https:\/\/clemenceroy.com\/wp-content\/uploads\/2022\/08\/Pieds-nus-Au-petit-bonheur-la-chance.webp\" class=\"attachment-large size-large wp-image-529\" alt=\"deux com\u00e9diennes en tee shirt blancs pantalons noirs et bretelles rouges \u00e0 pois blancs jouent un spectacle devant un public elles se font piquer par des abeilles\" srcset=\"https:\/\/clemenceroy.com\/wp-content\/uploads\/2022\/08\/Pieds-nus-Au-petit-bonheur-la-chance.webp 800w, https:\/\/clemenceroy.com\/wp-content\/uploads\/2022\/08\/Pieds-nus-Au-petit-bonheur-la-chance-300x225.webp 300w, https:\/\/clemenceroy.com\/wp-content\/uploads\/2022\/08\/Pieds-nus-Au-petit-bonheur-la-chance-768x576.webp 768w\" sizes=\"(max-width: 800px) 100vw, 800px\" \/>\t\t\t\t\t\t\t\t<\/a>\n\t\t\t\t\t\t\t\t\t\t\t\t\t<\/div>\n\t\t\t\t<\/div>\n\t\t\t\t\t<\/div>\n\t\t<\/section>\n\t\t\t\t\t<\/div>\n\t\t<\/section>\n\t\t\t\t\t<\/div>\n\t\t<\/div>\n\t\t\t\t\t<\/div>\n\t\t<\/section>\n\t\t\t\t<section class=\"elementor-section elementor-top-section elementor-element elementor-element-ceed7cc elementor-section-boxed elementor-section-height-default elementor-section-height-default\" data-id=\"ceed7cc\" data-element_type=\"section\">\n\t\t\t\t\t\t<div class=\"elementor-container elementor-column-gap-default\">\n\t\t\t\t\t<div class=\"elementor-column elementor-col-100 elementor-top-column elementor-element elementor-element-992f997\" data-id=\"992f997\" data-element_type=\"column\">\n\t\t\t<div class=\"elementor-widget-wrap elementor-element-populated\">\n\t\t\t\t\t\t<section class=\"elementor-section elementor-inner-section elementor-element elementor-element-47d0616 elementor-section-boxed elementor-section-height-default elementor-section-height-default\" data-id=\"47d0616\" data-element_type=\"section\">\n\t\t\t\t\t\t<div class=\"elementor-container elementor-column-gap-default\">\n\t\t\t\t\t<section class=\"elementor-column elementor-col-33 elementor-inner-column elementor-element elementor-element-ff25007\" data-id=\"ff25007\" data-element_type=\"column\">\n\t\t\t<div class=\"elementor-widget-wrap elementor-element-populated\">\n\t\t\t\t\t\t<div class=\"elementor-element elementor-element-5c92543 elementor-widget elementor-widget-heading\" data-id=\"5c92543\" data-element_type=\"widget\" data-widget_type=\"heading.default\">\n\t\t\t\t<div class=\"elementor-widget-container\">\n\t\t\t<h3 class=\"elementor-heading-title elementor-size-default\">Cl\u00e9mence et ses secrets (2012-2021)<\/h3>\t\t<\/div>\n\t\t\t\t<\/div>\n\t\t\t\t<div class=\"elementor-element elementor-element-d757bb8 elementor-widget elementor-widget-image\" data-id=\"d757bb8\" data-element_type=\"widget\" data-widget_type=\"image.default\">\n\t\t\t\t<div class=\"elementor-widget-container\">\n\t\t\t\t\t\t\t\t\t\t\t\t\t\t<a href=\"https:\/\/www.aht.li\/3730325\/clemence_et_ses_secrets_2019.pdf\" target=\"_blank\">\n\t\t\t\t\t\t\t<img loading=\"lazy\" decoding=\"async\" width=\"376\" height=\"531\" src=\"https:\/\/clemenceroy.com\/wp-content\/uploads\/2022\/08\/clemence-et-ses-secrets-affiche-2019.webp\" class=\"attachment-large size-large wp-image-534\" alt=\"affiche de spectacle une jeune femme montre du doigt des images dans des bulles qui volent au dessus de sa t\u00eate\" srcset=\"https:\/\/clemenceroy.com\/wp-content\/uploads\/2022\/08\/clemence-et-ses-secrets-affiche-2019.webp 376w, https:\/\/clemenceroy.com\/wp-content\/uploads\/2022\/08\/clemence-et-ses-secrets-affiche-2019-212x300.webp 212w\" sizes=\"(max-width: 376px) 100vw, 376px\" \/>\t\t\t\t\t\t\t\t<\/a>\n\t\t\t\t\t\t\t\t\t\t\t\t\t<\/div>\n\t\t\t\t<\/div>\n\t\t\t\t\t<\/div>\n\t\t<\/section>\n\t\t\t\t<section class=\"elementor-column elementor-col-33 elementor-inner-column elementor-element elementor-element-c268831\" data-id=\"c268831\" data-element_type=\"column\">\n\t\t\t<div class=\"elementor-widget-wrap elementor-element-populated\">\n\t\t\t\t\t\t<div class=\"elementor-element elementor-element-90d4440 elementor-widget elementor-widget-heading\" data-id=\"90d4440\" data-element_type=\"widget\" data-widget_type=\"heading.default\">\n\t\t\t\t<div class=\"elementor-widget-container\">\n\t\t\t<h3 class=\"elementor-heading-title elementor-size-default\">Histoire en bo\u00eete (2018-2022)<\/h3>\t\t<\/div>\n\t\t\t\t<\/div>\n\t\t\t\t<div class=\"elementor-element elementor-element-2a5581f elementor-widget elementor-widget-image\" data-id=\"2a5581f\" data-element_type=\"widget\" data-widget_type=\"image.default\">\n\t\t\t\t<div class=\"elementor-widget-container\">\n\t\t\t\t\t\t\t\t\t\t\t\t\t\t<a href=\"https:\/\/www.aht.li\/3730326\/Histoire_en_boite_dossier.pdf\" target=\"_blank\">\n\t\t\t\t\t\t\t<img loading=\"lazy\" decoding=\"async\" width=\"412\" height=\"550\" src=\"https:\/\/clemenceroy.com\/wp-content\/uploads\/2022\/08\/histoire-en-boite-5.webp\" class=\"attachment-large size-large wp-image-538\" alt=\"gros plan de deux com\u00e9diennes jouant leur spectacle elles regardent \u00e9tonn\u00e9es au dessus d&#039;une boite avec des marionnettes\" srcset=\"https:\/\/clemenceroy.com\/wp-content\/uploads\/2022\/08\/histoire-en-boite-5.webp 412w, https:\/\/clemenceroy.com\/wp-content\/uploads\/2022\/08\/histoire-en-boite-5-225x300.webp 225w\" sizes=\"(max-width: 412px) 100vw, 412px\" \/>\t\t\t\t\t\t\t\t<\/a>\n\t\t\t\t\t\t\t\t\t\t\t\t\t<\/div>\n\t\t\t\t<\/div>\n\t\t\t\t\t<\/div>\n\t\t<\/section>\n\t\t\t\t<section class=\"elementor-column elementor-col-33 elementor-inner-column elementor-element elementor-element-cfad91e\" data-id=\"cfad91e\" data-element_type=\"column\">\n\t\t\t<div class=\"elementor-widget-wrap elementor-element-populated\">\n\t\t\t\t\t\t<div class=\"elementor-element elementor-element-926883d elementor-widget elementor-widget-heading\" data-id=\"926883d\" data-element_type=\"widget\" data-widget_type=\"heading.default\">\n\t\t\t\t<div class=\"elementor-widget-container\">\n\t\t\t<h3 class=\"elementor-heading-title elementor-size-default\">Sortez de ces lieux (2020-2024)<\/h3>\t\t<\/div>\n\t\t\t\t<\/div>\n\t\t\t\t<div class=\"elementor-element elementor-element-82aa08d elementor-widget elementor-widget-image\" data-id=\"82aa08d\" data-element_type=\"widget\" data-widget_type=\"image.default\">\n\t\t\t\t<div class=\"elementor-widget-container\">\n\t\t\t\t\t\t\t\t\t\t\t\t\t<img loading=\"lazy\" decoding=\"async\" width=\"454\" height=\"605\" src=\"https:\/\/clemenceroy.com\/wp-content\/uploads\/2022\/08\/sortez-de-ces-lieux-clemence-roy-bel-viaggo.webp\" class=\"attachment-large size-large wp-image-449\" alt=\"un com\u00e9dien et une com\u00e9dienne costum\u00e9s en satyres jouent un spectacle sur une sc\u00e8ne de th\u00e9\u00e2tre\" srcset=\"https:\/\/clemenceroy.com\/wp-content\/uploads\/2022\/08\/sortez-de-ces-lieux-clemence-roy-bel-viaggo.webp 454w, https:\/\/clemenceroy.com\/wp-content\/uploads\/2022\/08\/sortez-de-ces-lieux-clemence-roy-bel-viaggo-225x300.webp 225w\" sizes=\"(max-width: 454px) 100vw, 454px\" \/>\t\t\t\t\t\t\t\t\t\t\t\t\t<\/div>\n\t\t\t\t<\/div>\n\t\t\t\t\t<\/div>\n\t\t<\/section>\n\t\t\t\t\t<\/div>\n\t\t<\/section>\n\t\t\t\t\t<\/div>\n\t\t<\/div>\n\t\t\t\t\t<\/div>\n\t\t<\/section>\n\t\t\t\t<\/div>\n\t\t","protected":false},"excerpt":{"rendered":"<p>Spectacles anciens Eh oui, m\u00eame les spectacles prennent leur retraite ! Pour se reposer, parce que quand on a \u00e9t\u00e9 beaucoup jou\u00e9, on est fatigu\u00e9, pour y repenser avec de la joie et de la nostalgie, et pour laisser la place aux nouveaux ! Cliquez sur les photos ou affiches de spectacles pour consulter les [&hellip;]<\/p>\n","protected":false},"author":1,"featured_media":0,"parent":0,"menu_order":0,"comment_status":"closed","ping_status":"closed","template":"","meta":{"footnotes":""},"class_list":["post-37","page","type-page","status-publish","hentry","entry"],"_links":{"self":[{"href":"https:\/\/clemenceroy.com\/index.php\/wp-json\/wp\/v2\/pages\/37","targetHints":{"allow":["GET"]}}],"collection":[{"href":"https:\/\/clemenceroy.com\/index.php\/wp-json\/wp\/v2\/pages"}],"about":[{"href":"https:\/\/clemenceroy.com\/index.php\/wp-json\/wp\/v2\/types\/page"}],"author":[{"embeddable":true,"href":"https:\/\/clemenceroy.com\/index.php\/wp-json\/wp\/v2\/users\/1"}],"replies":[{"embeddable":true,"href":"https:\/\/clemenceroy.com\/index.php\/wp-json\/wp\/v2\/comments?post=37"}],"version-history":[{"count":83,"href":"https:\/\/clemenceroy.com\/index.php\/wp-json\/wp\/v2\/pages\/37\/revisions"}],"predecessor-version":[{"id":1483,"href":"https:\/\/clemenceroy.com\/index.php\/wp-json\/wp\/v2\/pages\/37\/revisions\/1483"}],"wp:attachment":[{"href":"https:\/\/clemenceroy.com\/index.php\/wp-json\/wp\/v2\/media?parent=37"}],"curies":[{"name":"wp","href":"https:\/\/api.w.org\/{rel}","templated":true}]}}